885 and 20.
5
Calculate the greatest common divisor of 105900 and 24.
12
What is the highest common factor of 549 and 2177883?
549
Calculate the highest common divisor of 24 and 21180.
12
Calculate the greatest common factor of 304 and 1786.
38
What is the highest common divisor of 198 and 1675179?
99
Calculate the greatest common divisor of 177 and 1765280.
59
What is the greatest common divisor of 52952 and 8?
8
Calculate the greatest common factor of 50 and 37050.
50
Calculate the greatest common divisor of 82062 and 388.
194
Calculate the greatest common factor of 199377 and 288.
9
Calculate the greatest common factor of 8 and 22144.
8
Calculate the greatest common divisor of 77809 and 39491.
391
Calculate the highest common divisor of 2274199 and 2519.
229
What is the greatest common factor of 705 and 91415?
235
Calculate the highest common divisor of 300 and 925.
25
What is the greatest common factor of 66 and 222618?
66
Calculate the highest common factor of 141487 and 145235.
937
Calculate the highest common divisor of 50915 and 1445.
85
What is the greatest common factor of 4560 and 5358?
114
What is the highest common factor of 3580 and 348155?
895
Calculate the greatest common factor of 286 and 598.
26
Calculate the highest common factor of 60 and 35268.
12
What is the greatest common factor of 502404 and 84?
84
What is the greatest common divisor of 3840 and 1985920?
640
Calculate the greatest common divisor of 3577904 and 232.
232
Calculate the highest common divisor of 13861 and 249.
83
Calculate the greatest common divisor of 450 and 35190.
90
Calculate the greatest common factor of 841613 and 2266.
103
Calculate the highest common factor of 433654 and 52.
26
Calculate the highest common divisor of 14 and 79604.
14
Calculate the highest common factor of 232 and 85144.
232
What is the highest common divisor of 10 and 11685160?
10
What is the highest common factor of 204816 and 528?
48
Calculate the greatest common divisor of 52 and 169416.
52
Calculate the greatest common factor of 9 and 1966.
1
Calculate the highest common factor of 5 and 549130.
5
Calculate the highest common divisor of 8730 and 3104.
194
What is the highest common divisor of 5284 and 400?
4
What is the highest common factor of 1891 and 19685?
31
What is the highest common factor of 8 and 12536?
8
What is the greatest common factor of 570 and 232332?
114
What is the highest common factor of 68 and 1316?
4
What is the highest common divisor of 938 and 15142?
134
What is the greatest common factor of 60 and 81930?
30
Calculate the highest common factor of 3104 and 1649.
97
What is the highest common divisor of 591160 and 120?
40
Calculate the greatest common divisor of 2135 and 11515.
35
What is the greatest common factor of 5962232 and 314?
314
Calculate the greatest common divisor of 5936 and 2520.
56
What is the highest common divisor of 354940 and 60?
20
What is the greatest common factor of 96 and 486?
6
What is the greatest common divisor of 686900 and 300?
100
What is the greatest common divisor of 1960 and 55720?
280
What is the highest common factor of 123285 and 12?
3
What is the greatest common factor of 476 and 868?
28
What is the greatest common factor of 78 and 354432?
78
Calculate the highest common factor of 143066 and 154.
154
What is the greatest common factor of 4280121 and 9?
9
What is the greatest common divisor of 2752 and 7052?
172
What is the greatest common factor of 6351 and 264741?
87
What is the highest common factor of 993843 and 27?
27
What is the highest common divisor of 8305 and 57380?
755
What is the highest common factor of 178543 and 817?
19
What is the highest common divisor of 31958 and 152?
38
Calculate the highest common factor of 54 and 800.
2
What is the highest common factor of 1455 and 77988?
291
Calculate the greatest common factor of 69 and 518673.
69
What is the highest common divisor of 187 and 33341?
11
What is the highest common divisor of 92 and 4353118?
46
Calculate the greatest common divisor of 206784 and 63.
9
Calculate the greatest common divisor of 7987 and 20375.
163
Calculate the highest common divisor of 120 and 3320.
40
Calculate the greatest common divisor of 175 and 23736475.
175
Calculate the greatest common factor of 74085 and 165.
165
What is the greatest common divisor of 46 and 744878?
46
Calculate the greatest common divisor of 11034 and 48.
6
Calculate the highest common divisor of 36 and 404.
4
Calculate the highest common divisor of 8 and 139016.
8
Calculate the greatest common factor of 2723 and 583111.
389
Calculate the highest common divisor of 6441 and 171.
57
What is the greatest common factor of 6644 and 21895?
151
Calculate the highest common factor of 1288 and 11960.
184
Calculate the highest common factor of 357350 and 2800.
350
What is the highest common divisor of 49116 and 84?
12
What is the highest common factor of 2724 and 68554?
454
Calculate the highest common divisor of 1744 and 2725.
109
What is the greatest common divisor of 49446 and 90?
18
Calculate the highest common factor of 12592 and 1704.
8
Calculate the highest common divisor of 81549 and 82.
41
Calculate the greatest common factor of 108829 and 2221.
2221
Calculate the greatest common divisor of 24152 and 56.
8
What is the highest common divisor of 8132 and 2641?
19
Calculate the greatest common factor of 16128 and 153.
9
What is the highest common divisor of 4061 and 8959?
31
What is the greatest common factor of 28884 and 780?
12
Calculate the highest common factor of 2175 and 248025.
75
Calculate the greatest common factor of 11924 and 209.
11
Calculate the highest common divisor of 2085 and 374883.
417
What is the highest common divisor of 476 and 14098?
14
What is the highest common factor of 876 and 2301836?
292
What is the greatest common divisor of 25755 and 1095?
15
Calculate the greatest common divisor of 3120 and 34632.
312
What is the highest common divisor of 52815 and 105?
105
Calculate the greatest common factor of 210 and 218880.
30
Calculate the greatest common factor of 5920 and 4997960.
1480
What is the highest common factor of 110 and 1199?
11
Calculate the highest common factor of 551 and 10979777.
551
Calculate the highest common factor of 2484 and 1702.
46
What is the greatest common divisor of 10 and 50705?
5
What is the highest common factor of 304210 and 580?
290
What is the greatest common divisor of 330 and 59235?
165
Calculate the greatest common factor of 7421 and 5792.
181
Calculate the highest common factor of 1148445 and 18100.
905
What is the highest common factor of 222952 and 8?
8
Calculate the greatest common factor of 1674 and 4900635.
837
What is the greatest common divisor of 150 and 48210?
30
What is the highest common factor of 258 and 7902?
6
What is the greatest common divisor of 1757856 and 80?
16
Calculate the greatest common divisor of 205120 and 32.
32
What is the highest common divisor of 3060 and 2736?
36
What is the greatest common factor of 972 and 213732?
108
Calculate the highest common divisor of 337309 and 105.
7
What is the highest common divisor of 14850 and 4554?
198
Calculate the highest common factor of 58185 and 108.
27
What is the greatest common factor of 21800 and 900?
100
What is the greatest common factor of 128849 and 466?
233
What is the highest common divisor of 6942 and 25506?
78
What is the greatest common divisor of 259674 and 3390?
678
Calculate the highest common divisor of 10 and 13522.
2
What is the greatest common divisor of 40339 and 42601?
377
Calculate the greatest common divisor of 85203 and 3.
3
Calculate the highest common divisor of 3193 and 2728.
31
Calculate the highest common factor of 229 and 181826.
229
Calculate the greatest common divisor of 55 and 5764.
11
Calculate the highest common divisor of 216 and 7632.
72
What is the highest common divisor of 19550 and 32545?
115
What is the highest common divisor of 49053 and 4233?
249
Calculate the highest common divisor of 18876 and 22.
22
What is the highest common factor of 53001 and 3159?
351
What is the highest common factor of 19245 and 45?
15
What is the highest common divisor of 10346596 and 2392?
1196
What is the highest common divisor of 67 and 145189?
67
Calculate t